14
What is the highest common factor of 1257 and 82543?
419
Calculate the highest common factor of 159 and 2114594.
53
What is the highest common divisor of 84 and 59500?
28
Calculate the greatest common divisor of 1158624 and 432.
432
What is the greatest common divisor of 108 and 1052?
4
Calculate the highest common factor of 1816443 and 18.
9
What is the highest common divisor of 10 and 20530?
10
What is the highest common divisor of 21 and 54579?
21
What is the greatest common divisor of 9712 and 32?
16
Calculate the greatest common factor of 67841 and 2653.
379
What is the greatest common factor of 16 and 493616?
16
Calculate the highest common factor of 247927 and 1107.
41
What is the greatest common factor of 211038 and 102?
102
What is the greatest common divisor of 2340 and 80100?
180
Calculate the greatest common divisor of 746 and 129431.
373
What is the greatest common factor of 16212 and 72?
12
Calculate the highest common divisor of 32266 and 1768.
442
What is the highest common factor of 2646 and 798?
42
What is the greatest common factor of 95 and 91504?
19
What is the greatest common factor of 11 and 109219?
11
Calculate the highest common factor of 586814 and 826.
118
What is the highest common factor of 2869976 and 8?
8
What is the highest common divisor of 77 and 265573?
77
What is the greatest common divisor of 3258910 and 30?
10
What is the highest common divisor of 981 and 177561?
981
What is the highest common factor of 32837 and 140?
7
Calculate the highest common divisor of 374190 and 30.
30
What is the highest common factor of 10890 and 2955?
15
What is the greatest common factor of 24 and 26616?
24
Calculate the greatest common divisor of 1362 and 120.
6
Calculate the greatest common factor of 19428 and 12.
12
What is the greatest common factor of 959 and 4297279?
959
Calculate the greatest common divisor of 1096088 and 777.
259
Calculate the highest common divisor of 433883 and 1.
1
What is the greatest common divisor of 242 and 1065878?
22
What is the greatest common factor of 216 and 670005?
27
Calculate the greatest common divisor of 1902 and 806.
2
What is the greatest common factor of 3842 and 2?
2
Calculate the greatest common divisor of 24 and 13137.
3
What is the highest common divisor of 246 and 182?
2
What is the highest common divisor of 37 and 129241?
37
What is the highest common divisor of 1075 and 122335?
215
Calculate the highest common divisor of 8 and 227880.
8
What is the highest common factor of 575 and 100075?
25
Calculate the highest common factor of 6345 and 52170.
705
Calculate the highest common factor of 5174 and 191637.
199
What is the highest common divisor of 83 and 1812637?
83
Calculate the highest common divisor of 46494 and 1890.
378
Calculate the highest common divisor of 406 and 1450.
58
Calculate the highest common factor of 135818 and 118.
118
Calculate the greatest common factor of 341 and 6563227.
341
Calculate the greatest common divisor of 1 and 16444.
1
Calculate the greatest common factor of 96 and 71376.
48
Calculate the highest common divisor of 9843 and 1377.
51
What is the highest common divisor of 2864 and 184?
8
What is the greatest common factor of 555 and 195?
15
What is the greatest common divisor of 30144 and 168?
24
Calculate the highest common factor of 4425 and 6372.
177
Calculate the highest common divisor of 559 and 18748.
43
What is the greatest common factor of 10160 and 800?
80
What is the highest common divisor of 404 and 1221797?
101
Calculate the highest common factor of 7680 and 542400.
960
What is the greatest common factor of 10 and 194410?
10
Calculate the highest common factor of 797052 and 3.
3
Calculate the highest common factor of 2623 and 110639.
43
Calculate the highest common factor of 123511 and 29.
29
What is the highest common divisor of 4849 and 37673?
373
What is the highest common factor of 84 and 4044?
12
What is the greatest common factor of 16 and 72312?
8
What is the greatest common factor of 1436 and 459161?
359
Calculate the highest common divisor of 335340 and 1495.
115
Calculate the highest common divisor of 2124 and 9971.
59
What is the greatest common factor of 1650 and 55110?
330
Calculate the highest common factor of 812 and 8208508.
812
Calculate the greatest common factor of 2266 and 16566.
22
Calculate the greatest common factor of 104 and 11479.
13
What is the greatest common divisor of 66 and 4812918?
66
What is the greatest common divisor of 928580 and 116?
116
Calculate the highest common factor of 18 and 2988504.
18
What is the greatest common divisor of 641696 and 64?
32
Calculate the highest common factor of 176 and 14476.
44
What is the highest common factor of 324 and 2952?
36
Calculate the greatest common divisor of 61593 and 1911.
147
What is the highest common divisor of 16 and 24176?
16
What is the greatest common divisor of 50384 and 100232?
536
What is the highest common divisor of 68211 and 1209?
39
What is the greatest common divisor of 3619 and 15463?
329
What is the greatest common factor of 8 and 7816?
8
Calculate the highest common divisor of 135 and 2031021.
27
What is the highest common factor of 129 and 15007?
43
What is the greatest common divisor of 745664 and 16?
16
What is the highest common factor of 5390 and 805?
35
Calculate the greatest common factor of 12 and 20204.
4
Calculate the greatest common divisor of 18 and 17386.
2
What is the highest common factor of 3652 and 22352?
44
Calculate the greatest common factor of 6370 and 1170.
130
What is the greatest common factor of 99 and 331281?
9
What is the highest common factor of 1540 and 530?
10
Calculate the highest common divisor of 891149 and 2087.
2087
What is the highest common factor of 72 and 3624?
24
What is the greatest common divisor of 286 and 69498?
286
What is the highest common divisor of 4708 and 1333541?
1177
Calculate the highest common factor of 724 and 34933.
181
Calculate the highest common factor of 705948 and 156.
12
Calculate the highest common factor of 244455 and 17415.
645
What is the highest common factor of 577 and 808?
1
What is the greatest common divisor of 2348 and 271781?
587
Calculate the greatest common factor of 16864 and 135904.
992
What is the highest common divisor of 13284 and 378?
54
What is the highest common factor of 2349 and 13851?
81
What is the greatest common divisor of 216 and 3341376?
72
Calculate the highest common factor of 194584 and 208.
104
What is the greatest common factor of 33 and 384?
3
Calculate the highest common divisor of 107374 and 2516.
74
Calculate the highest common divisor of 574 and 7168.
14
What is the highest common divisor of 6956 and 193828?
188
What is the highest common factor of 2568 and 15?
3
What is the greatest common factor of 4 and 3584748?
4
What is the greatest common factor of 2907 and 3249?
171
What is the greatest common divisor of 6 and 8322?
6
What is the greatest common factor of 999557 and 92?
23
What is the highest common divisor of 357 and 2457231?
357
What is the greatest common factor of 10640 and 28272?
304
Calculate the highest common divisor of 1081 and 12604.
23
What is the highest common divisor of 73 and 178193?
73
Calculate the greatest common factor of 154241 and 5848.
731
What is the highest common divisor of 100099 and 31?
31
What is the greatest common factor of 6830 and 10?
10
What is the greatest common factor of 145475 and 100?
25
What is the highest common factor of 7429 and 37?
1
What is the greatest common factor of 32867 and 115?
23
What is the highest common divisor of 188 and 73132?
188
Calculate the greatest common factor of 156 and 37856.
52
What is the greatest common factor of 75 and 324?
3
Calculate the highest common factor of 1952 and 44042.
122
Calculate the highest common divisor of 61747 and 7.
7
What is the greatest common factor of 94710 and 1995?
105
What is the highest common factor of 1990 and 470?
10
Calculate the greatest common factor of 980793 and 88.
11
What is the highest common factor of 56 and 258692?
28
What is the greatest common divisor of 270128 and 192?
16
What is the highest common factor of 165836 and 572?
44
Calculate the highest common divisor of 528 and 174768.
528
What is the highest common